{"id":936,"date":"2018-01-20T08:56:07","date_gmt":"2018-01-20T11:56:07","guid":{"rendered":"http:\/\/www.mgtransportedeveiculos.com.br\/?page_id=936"},"modified":"2018-01-20T08:56:07","modified_gmt":"2018-01-20T11:56:07","slug":"transporte-de-veiculos-nova-friburgo","status":"publish","type":"page","link":"https:\/\/mgtransportedeveiculos.com.br\/index.php\/transporte-de-veiculos-nova-friburgo\/","title":{"rendered":"Transporte de Ve\u00edculos Nova Friburgo"},"content":{"rendered":"<h2>Transporte de Ve\u00edculos Nova Friburgo<\/h2>\n<p class=\"p1\">O Rio de Janeiro \u00e9 um Estado grande e v\u00e1rias cidades ficam a centenas de quil\u00f4metros umas das outras ou da capital. Quando \u00e9 preciso transportar um ve\u00edculo pode ser interessante que ele siga junto com outros em caminh\u00f5es cegonha. Isto vai reduzir o custo total da viagem, pois h\u00e1 economia com combust\u00edvel, paradas, pernoites, ped\u00e1gios, alimenta\u00e7\u00e3o etc.<\/p>\n<p class=\"p1\">Um caminh\u00e3o cegonha \u00e9 uma carreta de dois andares e o superior \u00e9 basculante, para que seja poss\u00edvel o carregamento e descarregamento dos ve\u00edculos. Geralmente comporta\u00a0at\u00e9 11 ve\u00edculos. Muit\u00edssimo usado para o transporte de ve\u00edculos zero km ou transporte de frotas. A MG Transporte de Ve\u00edculos Nova Friburgo trabalha com transporte de ve\u00edculos em uma esp\u00e9cie de &#8220;compartilhamento&#8221;, ou seja, organiza seu servi\u00e7o de forma ter uma quantidade m\u00ednima de autom\u00f3veis para come\u00e7ar as rotas de transporte.<\/p>\n<p class=\"p1\">A MG Transporte de Ve\u00edculos Nova Friburgo ajuda voc\u00ea a economizar tempo e dinheiro na procura por um \u00f3timo servi\u00e7o de transporte de Ve\u00edculos Nova Friburgo, levando\/trazendo seu ve\u00edculo para\/de Nova Friburgo at\u00e9 o destino final\/inicial, de transporte de ve\u00edculos para outro estado, transporte de ve\u00edculos interestadual, transporte de ve\u00edculos cegonha e transporte de ve\u00edculos para o Nordeste.<\/p>\n<p class=\"p1\">* Atendemos as principais regi\u00f5es do Brasil.<br \/>\n* A MG Transporte de Ve\u00edculos Nova Friburgo possui bases operacionais localizadas em diversas regi\u00f5es do pais.<br \/>\n* Trabalhamos com pre\u00e7os especiais para as regi\u00f5es de S\u00e3o Paulo, Rio de Janeiro, Minas Gerais, Bahia e Pernambuco. Para demais estados ganhe ate 5% de desconto.<br \/>\n* Atendemos diversos tipos de ve\u00edculos. Nossos caminh\u00f5es cegonha s\u00e3o capacitados para atender diversos modelos de ve\u00edculos de diferentes tamanhos.<br \/>\n* Transportamos seu ve\u00edculo de\/para Nova Friburgo a qualquer lugar do Brasil. Al\u00e9m dos servi\u00e7os de cegonha, temos tamb\u00e9m o servi\u00e7o de transportes em plataformas. Assim voc\u00ea pode contratar o servi\u00e7o de coleta e entrega porta a porta<br \/>\n* Consulte taxa extra, para locais de dif\u00edcil acesso da cegonha. Trazendo assim mais facilidade e comodidade para nossos cliente.<br \/>\n* Transportamos tamb\u00e9m m\u00e1quinas em geral. Temos pre\u00e7os especiais.<br \/>\n* Seu ve\u00edculo transportado com toda seguran\u00e7a pela Allianz seguradora. Seguro Total da Carga.<\/p>\n<p class=\"p1\">A ap\u00f3lice da MG Transporte de Ve\u00edculos Nova Friburgo acoberta o ve\u00edculo transportado, desde o momento da coleta ate a entrega no destino final contratado, em 100% do valor do bem declarado pela tabela FIPE do ve\u00edculo.<\/p>\n<p class=\"p1\">Precisando de <a href=\"https:\/\/www.google.com.br\/search?q=transporte+de+veiculos+nova+friburgo\" target=\"_blank\" rel=\"noopener\">Transporte de Ve\u00edculos Nova Friburgo<\/a>? Conte a MG Transporte de Ve\u00edculos Nova Friburgo! Atendimento cordial, pre\u00e7o justo, efici\u00eancia e qualidade em Transporte de Ve\u00edculos Nova Friburgo.<\/p>\n<p><img loading=\"lazy\" decoding=\"async\" class=\"alignnone size-full wp-image-856\" src=\"https:\/\/mgtransportedeveiculos.com.br\/wp-content\/uploads\/2018\/01\/mapa-rodoviario-rio-de-janeiro.jpg\" alt=\"Transporte de Ve\u00edculos Nova Friburgo\" width=\"960\" height=\"659\" \/><\/p>\n","protected":false},"excerpt":{"rendered":"<p>Transporte de Ve\u00edculos Nova Friburgo O Rio de Janeiro \u00e9 um Estado grande e v\u00e1rias cidades ficam a centenas de quil\u00f4metros umas das outras ou da capital. Quando \u00e9 preciso transportar um ve\u00edculo pode ser interessante que ele siga junto<\/p>\n","protected":false},"author":1,"featured_media":0,"parent":0,"menu_order":0,"comment_status":"closed","ping_status":"closed","template":"","meta":{"_joinchat":[],"footnotes":""},"class_list":["post-936","page","type-page","status-publish","hentry"],"yoast_head":"<!-- This site is optimized with the Yoast SEO plugin v26.0 - https:\/\/yoast.com\/wordpress\/plugins\/seo\/ -->\n<title>Transporte de Ve\u00edculos Nova Friburgo - \u00c1gil e Seguro<\/title>\n<meta name=\"description\" content=\"Transporte de Ve\u00edculos Nova Friburgo \u00e9 com a MG Transporte de Ve\u00edculos. (31) 2564-3149 \/ (31) 9 7507-8009. Economize Tempo\/Dinheiro. Servi\u00e7o \u00c1gil e Seguro.\" \/>\n<meta name=\"robots\" content=\"index, follow, max-snippet:-1, max-image-preview:large, max-video-preview:-1\" \/>\n<link rel=\"canonical\" href=\"https:\/\/mgtransportedeveiculos.com.br\/index.php\/transporte-de-veiculos-nova-friburgo\/\" \/>\n<meta property=\"og:locale\" content=\"pt_BR\" \/>\n<meta property=\"og:type\" content=\"article\" \/>\n<meta property=\"og:title\" content=\"Transporte de Ve\u00edculos Nova Friburgo - \u00c1gil e Seguro\" \/>\n<meta property=\"og:description\" content=\"Transporte de Ve\u00edculos Nova Friburgo \u00e9 com a MG Transporte de Ve\u00edculos. (31) 2564-3149 \/ (31) 9 7507-8009. Economize Tempo\/Dinheiro. Servi\u00e7o \u00c1gil e Seguro.\" \/>\n<meta property=\"og:url\" content=\"https:\/\/mgtransportedeveiculos.com.br\/index.php\/transporte-de-veiculos-nova-friburgo\/\" \/>\n<meta property=\"og:site_name\" content=\"MG Transporte de Ve\u00edculos\" \/>\n<meta property=\"og:image\" content=\"https:\/\/mgtransportedeveiculos.com.br\/wp-content\/uploads\/2018\/01\/mapa-rodoviario-rio-de-janeiro.jpg\" \/>\n<meta name=\"twitter:card\" content=\"summary_large_image\" \/>\n<meta name=\"twitter:label1\" content=\"Est. tempo de leitura\" \/>\n\t<meta name=\"twitter:data1\" content=\"2 minutos\" \/>\n<script type=\"application\/ld+json\" class=\"yoast-schema-graph\">{\"@context\":\"https:\/\/schema.org\",\"@graph\":[{\"@type\":\"WebPage\",\"@id\":\"https:\/\/mgtransportedeveiculos.com.br\/index.php\/transporte-de-veiculos-nova-friburgo\/\",\"url\":\"https:\/\/mgtransportedeveiculos.com.br\/index.php\/transporte-de-veiculos-nova-friburgo\/\",\"name\":\"Transporte de Ve\u00edculos Nova Friburgo - \u00c1gil e Seguro\",\"isPartOf\":{\"@id\":\"https:\/\/mgtransportedeveiculos.com.br\/#website\"},\"primaryImageOfPage\":{\"@id\":\"https:\/\/mgtransportedeveiculos.com.br\/index.php\/transporte-de-veiculos-nova-friburgo\/#primaryimage\"},\"image\":{\"@id\":\"https:\/\/mgtransportedeveiculos.com.br\/index.php\/transporte-de-veiculos-nova-friburgo\/#primaryimage\"},\"thumbnailUrl\":\"https:\/\/mgtransportedeveiculos.com.br\/wp-content\/uploads\/2018\/01\/mapa-rodoviario-rio-de-janeiro.jpg\",\"datePublished\":\"2018-01-20T11:56:07+00:00\",\"description\":\"Transporte de Ve\u00edculos Nova Friburgo \u00e9 com a MG Transporte de Ve\u00edculos. (31) 2564-3149 \/ (31) 9 7507-8009. Economize Tempo\/Dinheiro. Servi\u00e7o \u00c1gil e Seguro.\",\"breadcrumb\":{\"@id\":\"https:\/\/mgtransportedeveiculos.com.br\/index.php\/transporte-de-veiculos-nova-friburgo\/#breadcrumb\"},\"inLanguage\":\"pt-BR\",\"potentialAction\":[{\"@type\":\"ReadAction\",\"target\":[\"https:\/\/mgtransportedeveiculos.com.br\/index.php\/transporte-de-veiculos-nova-friburgo\/\"]}]},{\"@type\":\"ImageObject\",\"inLanguage\":\"pt-BR\",\"@id\":\"https:\/\/mgtransportedeveiculos.com.br\/index.php\/transporte-de-veiculos-nova-friburgo\/#primaryimage\",\"url\":\"https:\/\/mgtransportedeveiculos.com.br\/wp-content\/uploads\/2018\/01\/mapa-rodoviario-rio-de-janeiro.jpg\",\"contentUrl\":\"https:\/\/mgtransportedeveiculos.com.br\/wp-content\/uploads\/2018\/01\/mapa-rodoviario-rio-de-janeiro.jpg\",\"width\":960,\"height\":670,\"caption\":\"Transporte de Ve\u00edculos S\u00e3o Gon\u00e7alo\"},{\"@type\":\"BreadcrumbList\",\"@id\":\"https:\/\/mgtransportedeveiculos.com.br\/index.php\/transporte-de-veiculos-nova-friburgo\/#breadcrumb\",\"itemListElement\":[{\"@type\":\"ListItem\",\"position\":1,\"name\":\"In\u00edcio\",\"item\":\"https:\/\/mgtransportedeveiculos.com.br\/\"},{\"@type\":\"ListItem\",\"position\":2,\"name\":\"Transporte de Ve\u00edculos Nova Friburgo\"}]},{\"@type\":\"WebSite\",\"@id\":\"https:\/\/mgtransportedeveiculos.com.br\/#website\",\"url\":\"https:\/\/mgtransportedeveiculos.com.br\/\",\"name\":\"MG Transporte de Ve\u00edculos\",\"description\":\"\",\"publisher\":{\"@id\":\"https:\/\/mgtransportedeveiculos.com.br\/#organization\"},\"potentialAction\":[{\"@type\":\"SearchAction\",\"target\":{\"@type\":\"EntryPoint\",\"urlTemplate\":\"https:\/\/mgtransportedeveiculos.com.br\/?s={search_term_string}\"},\"query-input\":{\"@type\":\"PropertyValueSpecification\",\"valueRequired\":true,\"valueName\":\"search_term_string\"}}],\"inLanguage\":\"pt-BR\"},{\"@type\":\"Organization\",\"@id\":\"https:\/\/mgtransportedeveiculos.com.br\/#organization\",\"name\":\"MG Transporte de Ve\u00edculos\",\"url\":\"https:\/\/mgtransportedeveiculos.com.br\/\",\"logo\":{\"@type\":\"ImageObject\",\"inLanguage\":\"pt-BR\",\"@id\":\"https:\/\/mgtransportedeveiculos.com.br\/#\/schema\/logo\/image\/\",\"url\":\"https:\/\/mgtransportedeveiculos.com.br\/wp-content\/uploads\/2024\/07\/mg-transporte-de-veiculos-logomarca-fone31.png\",\"contentUrl\":\"https:\/\/mgtransportedeveiculos.com.br\/wp-content\/uploads\/2024\/07\/mg-transporte-de-veiculos-logomarca-fone31.png\",\"width\":1100,\"height\":120,\"caption\":\"MG Transporte de Ve\u00edculos\"},\"image\":{\"@id\":\"https:\/\/mgtransportedeveiculos.com.br\/#\/schema\/logo\/image\/\"}}]}<\/script>\n<!-- \/ Yoast SEO plugin. -->","yoast_head_json":{"title":"Transporte de Ve\u00edculos Nova Friburgo - \u00c1gil e Seguro","description":"Transporte de Ve\u00edculos Nova Friburgo \u00e9 com a MG Transporte de Ve\u00edculos. (31) 2564-3149 \/ (31) 9 7507-8009. Economize Tempo\/Dinheiro. Servi\u00e7o \u00c1gil e Seguro.","robots":{"index":"index","follow":"follow","max-snippet":"max-snippet:-1","max-image-preview":"max-image-preview:large","max-video-preview":"max-video-preview:-1"},"canonical":"https:\/\/mgtransportedeveiculos.com.br\/index.php\/transporte-de-veiculos-nova-friburgo\/","og_locale":"pt_BR","og_type":"article","og_title":"Transporte de Ve\u00edculos Nova Friburgo - \u00c1gil e Seguro","og_description":"Transporte de Ve\u00edculos Nova Friburgo \u00e9 com a MG Transporte de Ve\u00edculos. (31) 2564-3149 \/ (31) 9 7507-8009. Economize Tempo\/Dinheiro. Servi\u00e7o \u00c1gil e Seguro.","og_url":"https:\/\/mgtransportedeveiculos.com.br\/index.php\/transporte-de-veiculos-nova-friburgo\/","og_site_name":"MG Transporte de Ve\u00edculos","og_image":[{"url":"https:\/\/mgtransportedeveiculos.com.br\/wp-content\/uploads\/2018\/01\/mapa-rodoviario-rio-de-janeiro.jpg","type":"","width":"","height":""}],"twitter_card":"summary_large_image","twitter_misc":{"Est. tempo de leitura":"2 minutos"},"schema":{"@context":"https:\/\/schema.org","@graph":[{"@type":"WebPage","@id":"https:\/\/mgtransportedeveiculos.com.br\/index.php\/transporte-de-veiculos-nova-friburgo\/","url":"https:\/\/mgtransportedeveiculos.com.br\/index.php\/transporte-de-veiculos-nova-friburgo\/","name":"Transporte de Ve\u00edculos Nova Friburgo - \u00c1gil e Seguro","isPartOf":{"@id":"https:\/\/mgtransportedeveiculos.com.br\/#website"},"primaryImageOfPage":{"@id":"https:\/\/mgtransportedeveiculos.com.br\/index.php\/transporte-de-veiculos-nova-friburgo\/#primaryimage"},"image":{"@id":"https:\/\/mgtransportedeveiculos.com.br\/index.php\/transporte-de-veiculos-nova-friburgo\/#primaryimage"},"thumbnailUrl":"https:\/\/mgtransportedeveiculos.com.br\/wp-content\/uploads\/2018\/01\/mapa-rodoviario-rio-de-janeiro.jpg","datePublished":"2018-01-20T11:56:07+00:00","description":"Transporte de Ve\u00edculos Nova Friburgo \u00e9 com a MG Transporte de Ve\u00edculos. (31) 2564-3149 \/ (31) 9 7507-8009. Economize Tempo\/Dinheiro. Servi\u00e7o \u00c1gil e Seguro.","breadcrumb":{"@id":"https:\/\/mgtransportedeveiculos.com.br\/index.php\/transporte-de-veiculos-nova-friburgo\/#breadcrumb"},"inLanguage":"pt-BR","potentialAction":[{"@type":"ReadAction","target":["https:\/\/mgtransportedeveiculos.com.br\/index.php\/transporte-de-veiculos-nova-friburgo\/"]}]},{"@type":"ImageObject","inLanguage":"pt-BR","@id":"https:\/\/mgtransportedeveiculos.com.br\/index.php\/transporte-de-veiculos-nova-friburgo\/#primaryimage","url":"https:\/\/mgtransportedeveiculos.com.br\/wp-content\/uploads\/2018\/01\/mapa-rodoviario-rio-de-janeiro.jpg","contentUrl":"https:\/\/mgtransportedeveiculos.com.br\/wp-content\/uploads\/2018\/01\/mapa-rodoviario-rio-de-janeiro.jpg","width":960,"height":670,"caption":"Transporte de Ve\u00edculos S\u00e3o Gon\u00e7alo"},{"@type":"BreadcrumbList","@id":"https:\/\/mgtransportedeveiculos.com.br\/index.php\/transporte-de-veiculos-nova-friburgo\/#breadcrumb","itemListElement":[{"@type":"ListItem","position":1,"name":"In\u00edcio","item":"https:\/\/mgtransportedeveiculos.com.br\/"},{"@type":"ListItem","position":2,"name":"Transporte de Ve\u00edculos Nova Friburgo"}]},{"@type":"WebSite","@id":"https:\/\/mgtransportedeveiculos.com.br\/#website","url":"https:\/\/mgtransportedeveiculos.com.br\/","name":"MG Transporte de Ve\u00edculos","description":"","publisher":{"@id":"https:\/\/mgtransportedeveiculos.com.br\/#organization"},"potentialAction":[{"@type":"SearchAction","target":{"@type":"EntryPoint","urlTemplate":"https:\/\/mgtransportedeveiculos.com.br\/?s={search_term_string}"},"query-input":{"@type":"PropertyValueSpecification","valueRequired":true,"valueName":"search_term_string"}}],"inLanguage":"pt-BR"},{"@type":"Organization","@id":"https:\/\/mgtransportedeveiculos.com.br\/#organization","name":"MG Transporte de Ve\u00edculos","url":"https:\/\/mgtransportedeveiculos.com.br\/","logo":{"@type":"ImageObject","inLanguage":"pt-BR","@id":"https:\/\/mgtransportedeveiculos.com.br\/#\/schema\/logo\/image\/","url":"https:\/\/mgtransportedeveiculos.com.br\/wp-content\/uploads\/2024\/07\/mg-transporte-de-veiculos-logomarca-fone31.png","contentUrl":"https:\/\/mgtransportedeveiculos.com.br\/wp-content\/uploads\/2024\/07\/mg-transporte-de-veiculos-logomarca-fone31.png","width":1100,"height":120,"caption":"MG Transporte de Ve\u00edculos"},"image":{"@id":"https:\/\/mgtransportedeveiculos.com.br\/#\/schema\/logo\/image\/"}}]}},"_links":{"self":[{"href":"https:\/\/mgtransportedeveiculos.com.br\/index.php\/wp-json\/wp\/v2\/pages\/936","targetHints":{"allow":["GET"]}}],"collection":[{"href":"https:\/\/mgtransportedeveiculos.com.br\/index.php\/wp-json\/wp\/v2\/pages"}],"about":[{"href":"https:\/\/mgtransportedeveiculos.com.br\/index.php\/wp-json\/wp\/v2\/types\/page"}],"author":[{"embeddable":true,"href":"https:\/\/mgtransportedeveiculos.com.br\/index.php\/wp-json\/wp\/v2\/users\/1"}],"replies":[{"embeddable":true,"href":"https:\/\/mgtransportedeveiculos.com.br\/index.php\/wp-json\/wp\/v2\/comments?post=936"}],"version-history":[{"count":0,"href":"https:\/\/mgtransportedeveiculos.com.br\/index.php\/wp-json\/wp\/v2\/pages\/936\/revisions"}],"wp:attachment":[{"href":"https:\/\/mgtransportedeveiculos.com.br\/index.php\/wp-json\/wp\/v2\/media?parent=936"}],"curies":[{"name":"wp","href":"https:\/\/api.w.org\/{rel}","templated":true}]}}